8
What is the highest common factor of 6 and 14338347?
3
Calculate the greatest common factor of 301427 and 596.
149
What is the highest common factor of 1846 and 36508342?
1846
Calculate the greatest common factor of 41300756 and 203.
203
Calculate the greatest common divisor of 41872 and 8912.
16
What is the greatest common divisor of 154851729 and 19?
19
What is the greatest common factor of 189029 and 842?
421
What is the highest common divisor of 6206013 and 9009?
99
Calculate the greatest common factor of 4 and 48478022.
2
Calculate the greatest common divisor of 72060337 and 7564.
1891
Calculate the greatest common factor of 95277 and 2158.
13
Calculate the greatest common divisor of 50898417 and 48.
3
What is the highest common factor of 14150065 and 55?
5
What is the highest common factor of 68140 and 5510?
10
Calculate the highest common divisor of 1528 and 155519458.
382
Calculate the greatest common divisor of 166774 and 83692.
122
Calculate the highest common factor of 11191415 and 67515.
3215
Calculate the greatest common divisor of 5467976 and 681.
227
Calculate the greatest common factor of 5571 and 3491779.
619
Calculate the greatest common divisor of 647657 and 13601.
29
Calculate the greatest common divisor of 4345 and 10343707.
869
Calculate the greatest common divisor of 7031 and 22873.
89
Calculate the highest common factor of 8862126 and 3.
3
What is the greatest common divisor of 331662 and 318?
6
What is the greatest common divisor of 1070245 and 289190?
605
What is the greatest common factor of 192 and 1549248?
192
Calculate the greatest common divisor of 1182 and 836205112.
394
What is the greatest common divisor of 15232 and 414915872?
3808
What is the highest common factor of 12 and 48577728?
12
Calculate the greatest common divisor of 745 and 302265.
5
Calculate the greatest common divisor of 2028015 and 1091007.
2169
Calculate the highest common divisor of 143771250 and 16800.
1050
Calculate the greatest common factor of 32 and 30457904.
16
Calculate the highest common factor of 1136 and 4341508.
284
What is the highest common factor of 18225 and 333369?
27
Calculate the greatest common divisor of 17784 and 324028926.
4446
Calculate the greatest common divisor of 1019638 and 1829.
59
Calculate the highest common divisor of 14 and 409802239.
7
Calculate the greatest common divisor of 1014963 and 8.
1
Calculate the highest common factor of 67942 and 1848.
14
What is the greatest common divisor of 43666948 and 102?
34
Calculate the greatest common divisor of 58784 and 12238094.
3674
Calculate the greatest common divisor of 594 and 2387858.
22
Calculate the greatest common divisor of 16864406 and 143.
13
What is the highest common factor of 232737624 and 3024?
1512
Calculate the greatest common divisor of 21079 and 254232.
107
What is the highest common factor of 440 and 548656?
8
Calculate the highest common divisor of 11907 and 6671.
7
Calculate the highest common factor of 619480 and 75.
5
What is the highest common divisor of 545183 and 217372?
1753
Calculate the greatest common factor of 38 and 42264018.
38
What is the greatest common factor of 79047000 and 16125?
375
What is the highest common factor of 8967 and 2880?
3
Calculate the greatest common factor of 36 and 1022696.
4
Calculate the greatest common divisor of 22531293 and 9.
9
Calculate the highest common factor of 855506 and 3936.
82
Calculate the highest common divisor of 10 and 40330215.
5
What is the highest common divisor of 39187310 and 30?
10
Calculate the greatest common factor of 4914 and 1750606.
26
Calculate the greatest common divisor of 237414048 and 96.
96
Calculate the greatest common factor of 53671609 and 3521.
503
Calculate the highest common divisor of 1002 and 7187179.
167
Calculate the highest common factor of 10759100 and 55.
55
Calculate the highest common factor of 74917 and 60724.
19
Calculate the highest common factor of 220 and 173244588.
44
What is the highest common factor of 828 and 2020716?
36
Calculate the highest common divisor of 324 and 73386.
162
What is the greatest common factor of 39650 and 19350?
50
What is the highest common divisor of 20431278 and 1470?
42
What is the greatest common factor of 780 and 214426140?
60
Calculate the highest common factor of 1821 and 475747176.
1821
Calculate the highest common divisor of 18438 and 1064490.
42
What is the highest common factor of 1173 and 105446444?
391
What is the greatest common factor of 1540 and 169015?
385
What is the highest common factor of 3107716 and 380?
76
What is the greatest common divisor of 590 and 58860?
10
Calculate the highest common divisor of 1109926 and 1643.
53
Calculate the highest common factor of 18070 and 4384042.
26
Calculate the greatest common divisor of 5132 and 47872.
4
Calculate the highest common divisor of 436 and 4925310188.
436
What is the greatest common divisor of 1009282 and 7439?
173
What is the greatest common divisor of 2938224 and 1353?
123
Calculate the highest common divisor of 57 and 494805.
3
Calculate the greatest common divisor of 666118 and 2173962.
542
What is the highest common divisor of 313030453 and 95?
19
What is the highest common factor of 48503337 and 111?
111
Calculate the greatest common factor of 935129 and 702.
13
Calculate the greatest common factor of 5687 and 2422333.
47
What is the highest common divisor of 137592033 and 2601?
867
Calculate the greatest common divisor of 30 and 337964130.
30
Calculate the greatest common factor of 693304 and 70784.
632
Calculate the highest common divisor of 14414727 and 14982.
681
Calculate the highest common divisor of 1122 and 2834563.
17
What is the highest common factor of 2328329 and 26611?
89
What is the greatest common factor of 39010 and 690430?
470
What is the greatest common factor of 1904050 and 100?
50
What is the greatest common divisor of 196 and 120664117?
49
What is the greatest common divisor of 558036 and 3591?
27
What is the highest common divisor of 3101165 and 10?
5
What is the greatest common factor of 85790642 and 261?
29
Calculate the greatest common factor of 4741416 and 67208.
2168
What is the highest common factor of 148 and 11355522?
74
What is the greatest common factor of 44 and 57464?
44
Calculate the greatest common divisor of 79414280 and 24442.
2222
Calculate the greatest common divisor of 77165977 and 1608.
67
What is the highest common divisor of 7212 and 964605?
1803
Calculate the greatest common factor of 568 and 2059048.
8
What is the greatest common factor of 6241820 and 28340?
260
Calculate the greatest common factor of 83268 and 1214352.
324
What is the highest common factor of 100230168 and 152?
152
Calculate the greatest common factor of 5 and 91563665.
5
Calculate the highest common divisor of 156 and 25596168.
156
What is the highest common factor of 656 and 3780241?
41
What is the highest common divisor of 2509840690 and 10?
10
What is the highest common divisor of 29359 and 2984256?
1727
What is the greatest common divisor of 967 and 43397993?
967
What is the highest common divisor of 2754 and 6897053?
17
Calculate the greatest common divisor of 9508604 and 1988.
1988
Calculate the highest common divisor of 2744 and 34328126.
686
Calculate the highest common divisor of 183837037 and 31.
31
What is the highest common divisor of 50918 and 3262?
14
What is the highest common divisor of 1962223 and 16579?
281
What is the highest common factor of 27 and 4625568?
9
Calculate the highest common divisor of 4488 and 145237851.
561
Calculate the highest common divisor of 8000550 and 920.
230
Calculate the greatest common factor of 2694 and 210948.
6
What is the greatest common factor of 9794 and 728906?
166
Calculate the highest common factor of 53984 and 19632.
16
What is the highest common factor of 8328119 and 713?
31
What is the greatest common divisor of 32224 and 40771840?
1696
Calculate the highest common divisor of 1597 and 1635466939.
1597
Calculate the greatest common divisor of 1100490 and 2820.
30
What is the highest common divisor of 1925 and 38433725?
275
Calculate the greatest common factor of 3044 and 787024.
4
Calculate the highest common factor of 278 and 63352.
2
What is the greatest common factor of 26323